of 126 and d?
18
Let u be 1286 - -5 - (-8 + 12). Calculate the highest common divisor of 33 and u.
33
Suppose 4*b + q = 621, 0 = 220*q - 224*q + 20. What is the greatest common factor of 112 and b?
14
Suppose 0*s + 2*s = -16. Let j be (0 + -33)*s/6. Suppose j - 276 = -4*q. Calculate the highest common factor of q and 145.
29
Suppose -3*i - 2466 = -p + 3*p, 2*i = -4*p - 4924. Let m be 4/6 - 0 - p/18. What is the highest common factor of 23 and m?
23
Let j be 3 + 12*(-10)/(-30). Let i(w) = w**3 - 4*w**2 - 10*w. Let t be i(7). What is the greatest common factor of j and t?
7
Suppose 0 = -0*d + 2*d + v - 100, -4*v - 32 = -d. Suppose -192 = -13*t + 9*t. Suppose -5*p = -3*p - t. What is the greatest common divisor of p and d?
24
Let i(u) be the first derivative of u**4/4 + 11*u**3/3 - u**2/2 + 11*u + 53. Let z be i(-11). What is the highest common divisor of z and 55?
11
Let n(w) be the third derivative of w**5/12 - w**4/6 + w**3/6 - 3*w**2. Let j be n(6). Let c = -31 + j. Calculate the greatest common divisor of c and 14.
14
Let u(n) = -221*n - 1. Let m be u(-1). Let s(j) = j**3 + 13*j**2 + 11*j + 8. Let f be s(-12). Calculate the highest common divisor of f and m.
20
Suppose -5*q - w = 35, 0 = -5*w - 16 + 41. Let d be (-520)/16*q/10. Calculate the greatest common factor of 26 and d.
26
Let w be -10*3/6*-1. Suppose f - w*f = -24. What is the greatest common factor of 4 and f?
2
Let f(m) = -6 + 4*m**3 + 4 + 6 - 3*m**3 + 6*m**2. Let p be f(-6). Suppose 4*w = n + 8, -3*n + p*w = w - 21. What is the highest common factor of 96 and n?
12
Suppose -3*g + 0*g = 0. Let d be 3 - (g + 1)*-11. Calculate the highest common divisor of d and 28.
14
Suppose -6*p - 8 = -2*p. Let z be p/9 - 384/(-27). Suppose 2*w - 294 = -5*w. What is the highest common divisor of z and w?
14
Let r be (1 - -2) + (-66)/2. Let x be r/75 + 1197/5. Suppose -g + x = 94. Calculate the greatest common divisor of 29 and g.
29
Suppose 156*v + 590 = 166*v. Calculate the highest common divisor of 1003 and v.
59
Let g be 64 + -55 - (-426 - 0). What is the highest common divisor of 15 and g?
15
Let i(b) = -11*b - 6 + 4*b**3 - 3*b**2 - 3*b**3 + 15*b**2. Let o be i(-9). Suppose -5*u = -u - o. What is the greatest common divisor of u and 21?
21
Suppose 4*y - 214 = -2*m, 109 = 5*m - 4*m + y. Suppose -i + m = 3*x - 0*x, 9 = 3*i. What is the highest common factor of x and 90?
18
Suppose n = 4*r - 30 + 5, -2*n + 4*r = 50. Let f = 32 + n. What is the highest common divisor of f and 77?
7
Let d be (-5 + (1 - -9) - -55)/2. What is the highest common divisor of 340 and d?
10
Let u = 2 - -2. Suppose -4*z = -0*w + 4*w - 128, -u*z - 124 = -3*w. Calculate the highest common divisor of w and 48.
12
Let m be 5936/54 + 6/81. Calculate the greatest common factor of m and 120.
10
Suppose -3*w + 5*d = -137, 0 = -d + 1 + 1. Let q(x) = -x + 4. Let i be q(-3). Calculate the highest common factor of w and i.
7
Let x(v) = -2*v**3 - 10*v**2 + 6*v + 12. Let r be x(-8). Suppose -3*f + 3*o + 276 = o, 4*f + 4*o - r = 0. Calculate the greatest common factor of 10 and f.
10
Let a = 52 + -28. Let j be 11 + -4 - (1 + 1). Suppose -j*q + 2*u = -52, -2*u + 12 = u. What is the greatest common factor of a and q?
12
Suppose -2*w - 5*d = -4*w + 25, -3*w - d + 29 = 0. Suppose -6*k + 5*y + 641 = -24, 0 = k - y - 111. What is the greatest common divisor of k and w?
10
Suppose -2*q = -4*q + 68. Let b = 68 - q. Let v = b + -21. Calculate the highest common factor of v and 91.
13
Let y(d) = -d + 2. Let i be 12*(7/(-4) + 1). Let n be y(i). Let f(v) = -5*v + 17. Let p be f(-12). Calculate the greatest common factor of p and n.
11
Let w = 1374 + -1353. What is the greatest common factor of w and 651?
21
Let m = 37 + -51. Let r be ((-170)/(-51))/(1 + m/18). Calculate the greatest common divisor of r and 15.
15
Suppose -2*h = o - 335, -2*o + 2*h + 476 = -170. Let a = o + -195. Calculate the highest common factor of 12 and a.
12
Suppose -4*m = y - 156, -y = 2*y - 4*m - 452. Calculate the highest common factor of 8 and y.
8
Let u(f) = -f**3 - 12*f**2 - 27*f + 2. Let p be u(-9). Suppose 0 = b - 0*q + 3*q - 34, 2*b - p*q = 52. Calculate the highest common factor of b and 28.
28
Let i be 20574*(-6)/(-60) - (-4)/(-10). Calculate the highest common divisor of 17 and i.
17
Suppose -2*h + 1 = 3*p - 0, -4*h = p - 17. Let w be 78/h + 6/15. Let y(j) = -j**2 + j + 338. Let i be y(15). What is the greatest common factor of w and i?
16
Let g(x) = -4*x + 97. Let p be g(24). Let b be (-52)/((-1 - 2) + p). Calculate the greatest common divisor of 65 and b.
13
Suppose 0 = 6*o - 3*o + 3*l - 18, -2 = 2*l. Let x be (-54)/(-9)*196/42. Calculate the greatest common factor of x and o.
7
Let u be (-934692)/(-1358) + (18/(-14) - -1). Calculate the highest common divisor of 43 and u.
43
Let s be ((-56)/(-3) - 2)*48/32. Suppose z = -3*z - 3*f + 461, 5*f = -s. Suppose -12 = -4*p + 56. Calculate the greatest common divisor of p and z.
17
Suppose -h + 25 = 5*v, 4*v + 0*h - 39 = 3*h. What is the greatest common divisor of v and 18?
6
Let t be 1 + 72 + (-13)/13. What is the highest common divisor of 60 and t?
12
Let p be (-9)/18 - 450/4. Let m = 3 + p. Let a = m - -194. What is the highest common divisor of a and 12?
12
Let g be (2 - 1)*27/1. Suppose -44*a + 42*a - w + 7 = 0, -a - 2*w + 5 = 0. What is the greatest common factor of a and g?
3
Let s = -221 + 305. Calculate the greatest common divisor of 204 and s.
12
Let t(q) be the second derivative of -q**2 + 5/6*q**4 - 1/20*q**5 + 1/6*q**3 + 0 + 7*q. Let d be t(10). What is the highest common divisor of d and 88?
8
Suppose 2*b = b + 19. Let q = b - 14. Suppose 0 = -3*r + 3*g - 2*g + 32, 0 = -4*r - q*g + 11. What is the greatest common factor of r and 99?
9
Suppose -4*q + 8 = 2*a - 138, -4*q - 3*a = -141. What is the highest common factor of q and 507?
39
Suppose 4*w - 5 = 11. Suppose 2*m - 36 = -2*n, 19 = -3*m + w*n + 59. Suppose -3*v = 9, -4*v - 24 = 3*i - 6*i. Calculate the highest common factor of i and m.
4
Let d(y) = y - 1. Let z be 2*(2 + 20/(-8)). Let f be (-6 - z)*12/(-15). Let n be d(f). Calculate the greatest common divisor of n and 3.
3
Let t(n) = 6*n - 37. Let s be t(7). Calculate the highest common factor of 215 and s.
5
Let a(p) be the first derivative of -3*p**2/2 + p + 7. Let y be a(1). Let z be (-20 + 18)/(y/5). Calculate the highest common divisor of 5 and z.
5
Suppose -11*f + 14*f - 372 = 0. Let w be (-20)/6*(-6)/5. Suppose w*x = 3*d - 262 - f, -2*d + 250 = x. What is the highest common divisor of 14 and d?
14
Let j(p) = p**3 - p. Let b(a) = -6*a**3 + 3*a**2 + 5*a - 2. Let o(v) = b(v) + 3*j(v). Let u be o(-2). What is the greatest common divisor of u and 20?
10
Suppose -5*a - 37 - 8 = 0. Let o = 2 - a. Suppose 3*i - 33 = 2*i. What is the greatest common factor of i and o?
11
Suppose 1 = -4*x + 17. Let u be (-3)/33 - (390/(-55) + 3). Calculate the highest common divisor of u and x.
4
Suppose 2*g - 3*j = 5*g - 66, 5*j - 50 = -2*g. Let m be 3*(-7)/(-12)*g. What is the greatest common divisor of m and 14?
7
Let n be 20/(-5) + (5 - -1). What is the highest common factor of 73 and n?
1
Let l(p) = -p**2 - 2*p + 32. Let y be l(0). Calculate the highest common factor of y and 64.
32
Suppose -3*s + 3*d - 12 = -7*s, s = -d + 2. Let l = s - 15. Let y be (-1)/(-3) + (-87)/l. Calculate the highest common divisor of y and 5.
5
Let y be 5504/18 - 6/(-27). Suppose -5*c + 8*c = y. Suppose -4*g - h = -c, -3*g - h + 4*h + 69 = 0. What is the highest common divisor of g and 125?
25
Suppose 150*n - 145*n = 55. What is the greatest common divisor of n and 5?
1
Suppose -4*f + 144 = -2*f + 4*v, -225 = -3*f + 3*v. Suppose -4*w = 2 - f. What is the highest common factor of 36 and w?
18
Let w be (-12236)/(-24) + 1 + 15/(-18). Suppose -3*x = -w - 66. What is the greatest common divisor of 24 and x?
24
Let j(u) = -u + 7. Let n be j(0). Suppose -5*l - 8 = n. Let f(p) = -p**2 - 5*p + 4. Let v be f(l). Calculate the highest common divisor of 5 and v.
5
Suppose 0 = 3*y + 4*g, -22*g + 23*g = 4*y - 19. Let t = -7 + 11. Calculate the highest common factor of y and t.
4
Let m = 8 - 2. Let a(q) = q - 1. Let r be a(m). Let d be ((-2)/r)/((-2)/350). Calculate the greatest common factor of 14 and d.
14
Let u(j) = j**2 + 5*j + 7. Let b be u(-3). Le